v(h) = 3*a(h) + 5*z(h). Determine v(-7).
2
Let i(m) = 7*m - 11. Let u(v) = -4*v + 6. Let f(t) = 6*i(t) + 11*u(t). Give f(-5).
10
Let v(d) = -1 + 5 - d**2 - 3 - 8*d**3. Determine v(1).
-8
Let q(k) = 7*k**2 - k. Let y = 30 + -31. Calculate q(y).
8
Let x(a) = -a**2 + 6*a - 7. Let y = 4 - 5. Let v be y + 2 - (1 + -3). Suppose 11 = j + v*o, -j + 2*o - 1 = -o. Give x(j).
-2
Suppose 5*x = -p + 4, 0*p = 3*x - 2*p - 5. Let g = 3 - x. Let q(s) be the second derivative of s**4/6 - s**3/6 - s**2 - 5*s. What is q(g)?
4
Let z(q) be the second derivative of -q**5/20 + 11*q**2/2 + 23*q. Suppose -j - j = 0. Give z(j).
11
Let p(k) = 2*k + 12. Suppose 14*a + 41 = -71. Give p(a).
-4
Let t(g) be the first derivative of 3*g**2 - g + g**3 - 1/4*g**4 + 4. Give t(4).
7
Let k(d) be the second derivative of -d**5/20 - d**4/2 - 2*d**3/3 + 3*d**2/2 - d. What is k(-5)?
-2
Let t(v) = v**2 + 6*v + 2. Let r be t(-3). Let z(l) = -l**2 - 9*l. What is z(r)?
14
Let i(c) be the first derivative of 11*c**3/3 - c**2 + c + 7. Give i(1).
10
Let t(r) = -r**3 - 10*r**2 - 2*r. Let j(a) = -a**3 - 9*a**2 - 3*a. Let w(n) = -3*j(n) + 2*t(n). Determine w(-6).
6
Let q be (-2)/4*1*4. Let g(t) = 3*t**2 + t - 1. Determine g(q).
9
Let r = -6 - -9. Suppose 15 = 11*u - 6*u. Let f(c) = c**r - 2*c - c**2 + 6*c**2 - 1 - u. Calculate f(-5).
6
Let h(v) = v - 6. Let s(l) = -l - 10. Let n be s(-7). Let z = 6 + n. Determine h(z).
-3
Let u(n) be the first derivative of n**3/2 - n + 2. Let x(o) be the first derivative of u(o). What is x(1)?
3
Let v(n) = -6*n**2 - n. Let r = 60 - 59. What is v(r)?
-7
Let m = 19 + -22. Let x(s) = s**3 - s**2 + s. Let i(y) = -6*y**2 - 4*y - 3. Let c(g) = -i(g) + x(g). What is c(m)?
6
Suppose -3*n - 2 + 1 = r, 4*r - 2*n - 10 = 0. Let i(x) = 22*x**2 - 35*x**2 + 14*x**2. Determine i(r).
4
Let o(q) = -3*q - 2. Suppose -7*c - 37 = -9. Calculate o(c).
10
Let q(s) = s**2 + 3*s - 4. Suppose -4*v + 3*v = 5*j - 48, -2*j = -4*v - 28. Suppose -2*p + 5*d - 2 = 6, -j = 5*d. Let a = p - -4. What is q(a)?
6
Let f(g) = -g**2 + 6*g - 3. Let k = 12 + -7. Let c be f(k). Suppose n = 3 - c. Let o(v) = 6*v - 1. Determine o(n).
5
Suppose -1 = w - 4. Let r(z) = 3*z - 2*z + 0*z + 3. Give r(w).
6
Let l(z) be the third derivative of z**4/12 - 5*z**3/6 + z**2. What is l(6)?
7
Let u = 70 - 72. Let s(o) = -o**3 - 5*o**2 - 2*o - 1. Determine s(u).
-9
Let b(v) = -v + 4. Let t(m) = 2*m - 7. Let i(r) = 7*b(r) + 4*t(r). What is i(-6)?
-6
Let z(m) be the first derivative of -m**4/4 + m**3/3 - m**2/2 - 2*m + 10. Calculate z(2).
-8
Suppose m = 5*z + 27, -m - 3*z - z - 18 = 0. Suppose -2*n - a + 18 = 0, 3*n + m*a - 29 = -0*n. Let c(u) = 1 + 2*u**2 - n*u + 2*u + 0*u - u. Give c(4).
9
Let n(r) = -r + 10. Let o be -2 - -2*(0 + 1). Suppose 2*q + 4 - 14 = o. Calculate n(q).
5
Let z = -8 + 4. Let s be z/6 - 96/(-9). Let c = 4 - s. Let m(u) = u**3 + 5*u**2 - 8*u - 6. Give m(c).
6
Let x(q) = 6 - 2*q - 8 + 3. What is x(-4)?
9
Let d(s) = -36*s - 1. Let n(f) = -7*f. Let j(c) = 2*d(c) - 11*n(c). Give j(2).
8
Let y(p) = p**2 + 6*p - 4. Let k(v) = -3*v**2 - 17*v + 12. Let g(f) = -3*k(f) - 8*y(f). Let q(s) = s**2 - s. Let d be q(4). Suppose a = -3*a - d. Give g(a).
-4
Let y(a) = -a**2 + 3*a + 6. Suppose -5 - 5 = -2*s. What is y(s)?
-4
Let p(j) = j**2 - 2*j - 7. Let g(d) = -2*d**3 - d**2 - 8*d**2 - 8*d + 5 - 3*d**3 + 4*d**3. Let y be g(-8). Give p(y).
8
Let s(j) be the first derivative of -j**4/4 - 3*j**3 - 6*j + 6. Determine s(-9).
-6
Let t(n) = n**3 + n**2 + n. Let a(l) = -6*l**3 - 6*l**2 - 5*l + 6. Let r(b) = -a(b) - 5*t(b). Calculate r(0).
-6
Let x(i) = 2*i + 12. Suppose -3*z + 0*b = -b - 11, 3*z - 3 = -3*b. Let q(k) = k + 4. Let j(l) = z*x(l) - 10*q(l). Calculate j(-3).
8
Let u(v) = -v**3 - 2*v + 0*v**3 + 1 + 2 - 5 - 4*v**2. Let z be u(-4). Let d(f) = f**2 - 7*f + 6. Calculate d(z).
0
Let f(g) be the third derivative of -g**6/120 + g**4/24 - g**3/3 + 3*g**2 - 2*g. Determine f(-2).
4
Let t(c) = 0*c**3 - 7*c**2 + 7*c**2 + 2*c - 7*c**3 - 1. Suppose -5*w + 9 = 44. Let z = 8 + w. What is t(z)?
-6
Let y(a) = -2. Let k(w) = w - 5. Let z(n) = 2*k(n) - 5*y(n). What is z(4)?
8
Let c be (-204)/(-16) + 1/4. Let f(z) = c - z - 3*z - 10. Determine f(3).
-9
Let p(t) be the first derivative of t**6/360 - 7*t**5/120 + t**4/4 - 2*t**3/3 + 4. Let j(n) be the third derivative of p(n). Calculate j(6).
0
Let j(i) = 3*i**3 - 3*i**2 + 2. Let y = -21 + 23. What is j(y)?
14
Let k(q) be the second derivative of -19*q**5/20 + q**4/12 + q**3/6 + q**2/2 + 15*q. Determine k(-1).
20
Suppose 4*f + 3 - 11 = 0. Let a(i) = -3*i**2 - 4*i - 1. Let l(n) = 10*n**2 + 13*n + 2. Suppose -3*d + 24 = 3. Let b(y) = d*a(y) + f*l(y). Give b(-3).
-6
Let t(h) be the first derivative of h**4/4 - 7*h**3/3 + 7*h**2/2 - 8*h - 8. Determine t(6).
-2
Let l(d) = 1 - 3 + 0 - 2*d**2 + d - 2*d**3. Give l(-2).
4
Let j be (5/4)/((-2)/(-8)). Suppose -p + 8 = 3*p, -4*p - 22 = -3*l. Let h = l - j. Let m(q) = -q - 2. Calculate m(h).
-7
Let v = 40 + -37. Let p(i) = -i**2 + 5*i - 5*i + 1. Give p(v).
-8
Let x = 24 + -21. Let d(b) = -2*b**2 + 4*b - 1. Determine d(x).
-7
Let x be -15*(2 - 1) + 3. Let z be 4 - -1 - x/(-4). Let n(a) = -2 + 4 - a + 0. What is n(z)?
0
Let a(i) = -10*i**2 - 16*i + 15. Let x(j) = 2*j**2 + 3*j - 3. Let w(s) = 2*a(s) + 11*x(s). Let h be (-2*3)/((-12)/(-6)). What is w(h)?
12
Let g = 1 + 1. Let c(i) be the third derivative of i**5/60 + i**4/8 - i**3/2 + i**2. What is c(g)?
7
Let j(p) = p**2 - 2*p - 3. Let d be j(3). Suppose -r - y = -4, -3*r = -y - 4 - d. Let k(o) = -r*o**2 - 5*o**2 + 5*o**2 - 2 + o - 2*o**3. Give k(-2).
4
Let s(p) = -p**3 - 4*p**2 - p + 3. Let l be s(-3). Let t(q) = -q**2 - 2*q + 3. Determine t(l).
0
Let j(n) = -3*n - 1. Let q(u) = -5*u - 2. Let t(g) = -5*j(g) + 2*q(g). Let f be (18/8)/((-3)/8). Let k(p) = 4*p + 2. Let m(b) = f*k(b) + 5*t(b). Calculate m(0).
-7
Suppose 3*w + 0*w + 12 = 0. Let v be (w/(-3))/((-6)/(-9)). Let u(m) = -5*m + 1. Determine u(v).
-9
Let c(m) = m. Let f(v) = -2*v**2 - 8*v - 2. Suppose -4*i + 0 = 4. Let q(b) = i*f(b) - 5*c(b). Give q(-3).
11
Suppose 0 = b + 5*c - 15, 0*b - 2*b - 18 = -2*c. Let x = 7 - -15. Let s(r) = -4 - x*r + 9*r + 12*r. Determine s(b).
1
Let l(c) = c - 4. Suppose -q = q - 16. Suppose 3*m - q - 11 = 4*o, -4*m + 25 = -5*o. Give l(m).
1
Let v(b) be the first derivative of b**5/60 + b**4/12 - b**2 - 2. Let d(z) be the second derivative of v(z). Calculate d(-4).
8
Suppose 5*f + 2*b = 41, -3*f = -4*f + 4*b - 5. Let a(h) = h**3 - 6*h**2 - 7*h - 3. Calculate a(f).
-3
Suppose 0 = -w + o - 2*o - 3, 2*w - 3*o + 6 = 0. Let l = w + 3. Let v(n) = -n + 4. Give v(l).
4
Let m(u) = 4 + 2*u - 3 + 0*u + u**3 + 0 + 4*u**2. Calculate m(-2).
5
Let k(v) = v**2 - 4*v - 5. Let t be k(6). Let w = t - 4. Let f(h) = -h**2 + 2*h**2 + h**w - 2*h**2. Give f(2).
4
Let h(j) = -j**3 - 11*j**2 - 12*j - 14. Let u be h(-10). Let q = u + -8. Let x(i) = 4*i - 2. Give x(q).
-10
Let o(v) = v**2 + 5*v. Let c = 3 + -1. Let u be c*(-21)/6 - -2. Give o(u).
0
Let p(j) = j**3 - 5*j**2 - 5*j - 1. Let r(n) be the second derivative of -n**5/20 - n**4/6 - 2*n**3/3 - n**2 + 2*n. Let g be r(-2). Determine p(g).
5
Let w(g) = -g - g + 2*g - g. Determine w(-5).
5
Let i = -10 + 14. Suppose f = 2 - 5, 5*f - 5 = i*y. Let z(w) = w**2 + 6*w + 5. Calculate z(y).
0
Let u(y) be the third derivative of -y**5/60 + 5*y**4/24 + y**3/2 + 23*y**2. Calculate u(5).
3
Let d = 4 - 2. Let p(i) = i**2 + 0*i + d*i + 0*i**2 + i. What is p(-3)?
0
Suppose -4*i - 2*v - 1 = -5*v, v = -3*i + 9. Let k(q) = -5*q + 5*q**i + 0*q**2 - 4*q**2. Let c be (-7)/(28/(-8)) - -2. Determine k(c).
-4
Let a be ((-1)/2)/(1 - 11). Let s(h) be the second derivative of 0 - a*h**5 + 5/2*h**2 - 1/3*h**4 + 0*h**3 + h. What is s(-4)?
5
Let w(g) = 5*g**3 - 24*g**2 - 10*g + 28. Let o(a) = -a**3 + 6*a**2 + 2*a - 7. Let f(n) = 9*o(n) + 2*w(n). What is f(-6)?
5
Let w be 4 + (3 - 2) + -2. Let h(d) = -3*d - 3. Let f(r) = 2*r + 1. Let t = -5 + 8. Let m(n) = t*h(n) + 5*f(n). What is m(w)?
-1
Let i(d) = d + 5. Let o = -16 - -8. Let t(h) = h + 4. Let m be t(o). What is i(m)?
1
Let h(g) be the second derivative of -g**6/360 + g**5/30 - g**4/12 + 4*g**3/3 + 6*g. Let q(c) be the second derivative of h(c). What is q(5)?
-7
Let p = -8 - -4. Let d(y) = -2*y**2 - 4*y + 5. Determine d(p).
-11
Let x be 2*4/(-24)*-3. Let k(f) = 8*f**2 +